is the highest common factor of 144 and g?
72
Let i = 13 - 9. Let h be (-7)/((-7)/(-4)) + 8/1. Suppose -5*j - 220 = -h*s, -3*s + i*s = 2*j + 58. What is the highest common factor of 20 and s?
10
Let x = 799 + -712. Calculate the greatest common factor of x and 116.
29
Let u = 51 - 35. Suppose d = 2*p + 12, 2*d + p - u = 3*p. Suppose n + 5 = -5*r + d, 0 = 2*r + 6. Calculate the greatest common factor of 126 and n.
14
Let s = 301 - 31. What is the greatest common factor of s and 10?
10
Suppose 0 = -4*m + 4*j + 4596, -23*m + j - 1151 = -24*m. What is the highest common factor of 75 and m?
25
Suppose 634 = 2*c + 4*d, 15*c - 3*d = 19*c - 1283. Calculate the greatest common factor of c and 19.
19
Let n(r) = r**2 + 12*r - 3. Suppose 3*o + 16 + 14 = 0. Let a be n(o). Let b be -2*(-3)/(-2) - a. What is the greatest common factor of b and 8?
4
Suppose 3*y + 3 = 0, 0 = -3*u - 2*u + 3*y + 733. Let b = -86 + u. What is the greatest common factor of b and 24?
12
Suppose 3*n + 131 = 2*r, 5*r + 2*n = 140 + 140. Calculate the greatest common factor of r and 2320.
58
Let w = -168 - -165. Suppose 2*p = 7*p + 655. Let n be w/2 - p/2. Calculate the highest common factor of 16 and n.
16
Suppose 3*z + 0*z + 5*c + 34 = 0, -2*z + c - 40 = 0. Let p = 139 + z. Calculate the greatest common divisor of 11 and p.
11
Let p(c) = c**2 + 16*c - 15. Let h be p(-17). Let j be 19/h - (-24)/48. Calculate the highest common factor of 50 and j.
10
Let r be 15180/35 + 6/21. Calculate the highest common divisor of 14 and r.
14
Let w(q) = -61*q + 331. Let a be w(5). Let b(z) = -5*z + 6*z - 14*z. Let i be b(-1). Calculate the greatest common factor of a and i.
13
Let v = -17 - -32. Suppose 21*n = 137 + 10. Suppose n*r - 6*r = 3. What is the greatest common factor of r and v?
3
Let g = 83 + -82. Let d be (-224)/(-7)*g/2. Calculate the greatest common divisor of 8 and d.
8
Let h = 34 + 65. Suppose 4*j - 63 + 17 = -2*m, -2*m = 2*j - 28. Calculate the greatest common factor of j and h.
9
Suppose -640 = -18*f + 1448. Calculate the greatest common divisor of f and 1276.
116
Let s(z) = -2*z**2 + z + 1. Let w be s(1). Suppose w = -h + 13 - 0. Calculate the greatest common divisor of h and 13.
13
Suppose 0 = a - 5*j + 55, a - 5*j - 105 = 2*a. Let n be (-90)/4*a/25. Calculate the highest common factor of n and 8.
8
Suppose 49*z - 4382 = 322. Calculate the greatest common divisor of 1824 and z.
96
Suppose -o + 22 = -5*o - 5*r, o - 2*r - 1 = 0. Let v be 4 - ((-15)/o - 3). Calculate the greatest common factor of v and 8.
2
Let o(i) = -12*i**2 + 20*i**2 - 9*i**2 + 75. Let g be o(0). What is the highest common factor of 30 and g?
15
Let h(a) = 46*a + 2. Let v be h(1). Suppose 0 = 11*n - 12*n + 36. Calculate the greatest common divisor of n and v.
12
Let j(n) = -n**3 - 13*n**2 - 5*n - 53. Let l be j(-13). What is the greatest common divisor of l and 1404?
12
Let s be 57/(-21) + 4/(-14). Let x be s/9 - 48/(-9). Let b = x - 3. Calculate the highest common factor of 2 and b.
2
Suppose 1770 = 8*f - 2190. Calculate the highest common factor of f and 90.
45
Suppose 1 - 15 = -2*i. Let m be 1*-10*(-84)/15. Calculate the greatest common divisor of m and i.
7
Let o(j) = j**2 - j + 1. Let b be o(5). What is the greatest common divisor of 21 and b?
21
Let m = 44 - -16. Calculate the greatest common divisor of 195 and m.
15
Let t(a) = -6*a + 272. Let p be t(16). Calculate the greatest common divisor of 80 and p.
16
Let q = -267 - -279. Calculate the greatest common factor of q and 8.
4
Let h be (-6)/8 - 2830/(-40). Suppose -h = g - 75. What is the highest common divisor of g and 65?
5
Suppose -1150 - 665 = -11*l. What is the highest common divisor of 15 and l?
15
Suppose -2*i - 130 = -4*o, 2*o - i + 3*i = 50. Let k = o - 4. What is the greatest common divisor of 182 and k?
26
Let v be 7 + -11 + (7 - -1) + 1388. Calculate the greatest common factor of 87 and v.
87
Let k(q) = -q**2 + 40*q + 658. Let z be k(-12). Let d be 1 - -3*4/2. Suppose 136 = d*n - 3*n. What is the greatest common factor of n and z?
34
Suppose w + 4*w = 25. Suppose 0*f = -w*f + 160. Let y(g) = g**3 - 23*g**2 + 21*g + 26. Let r be y(22). Calculate the highest common factor of r and f.
4
Let v be 2 - (-36)/(-6) - (-9 + -30). What is the greatest common divisor of 560 and v?
35
Let w = 786 - 769. What is the highest common factor of 15 and w?
1
Let y = 9 - 4. Let m(r) = -r**3 - 4*r**2 - r + 5. Let w be m(-4). Suppose -21 = -3*c + 3*u, -c - 5*u = w + 14. What is the greatest common factor of c and y?
1
Let v(x) = 14*x + 3. Let u be v(10). Suppose -7 = 2*t + n, -5*t - 4*n = 25 - 3. Let o = t + 15. What is the greatest common divisor of o and u?
13
Let k(g) = -g**3 - 48*g**2 - 52*g - 37. Let h be k(-47). Calculate the highest common divisor of h and 891.
99
Suppose -2*s + 3*f + 18 = 0, -2*s + s + 11 = -f. Calculate the highest common divisor of 75 and s.
15
Let x(p) = -p. Let k(t) = t**2 - 3*t + 1. Let q(h) = h**2 + 2*h - 1. Let i be q(1). Let l be k(i). Let j be x(l). What is the greatest common factor of 6 and j?
1
Let u be -30*(165/(-6) - -1). What is the highest common factor of 15 and u?
15
Let m = 1442 + -881. What is the highest common divisor of m and 51?
51
Let t be (-1)/(-4 - (-28)/8). Suppose -2*a - a = -5*o + 114, -t*o + 2*a = -48. Calculate the highest common divisor of o and 3.
3
Let u be (-166)/(-4) - (-4)/8. Let b = 54 - u. Calculate the highest common factor of 60 and b.
12
Let d(b) = -b**3 + 11*b**2 + 9*b - 15. Let c be d(11). Calculate the greatest common divisor of 42 and c.
42
Let h(f) = 2*f + 35. Let a be h(-11). Calculate the greatest common factor of 13 and a.
13
Suppose 4*t - 5*g = 40, -30 = -3*t - 0*g - 4*g. Let h = -3 + t. What is the greatest common factor of 14 and h?
7
Let a(i) = -7*i. Let w(d) = 22*d + 1. Let z(t) = -7*a(t) - 2*w(t). Let j be z(4). What is the highest common factor of j and 45?
9
Suppose 2*j + 30 = 5*j. Let x = -167 + 282. Let n = 225 - x. What is the greatest common divisor of j and n?
10
Suppose -75 = -d + 5*v + 74, 0 = -2*v + 6. Suppose -4*n + 76 = z + n, 0 = -3*z + n + d. What is the highest common divisor of z and 7?
7
Suppose -16 = 4*z, 2*z + 64 = 4*o - 0*o. Let u = 125 + -122. Suppose 0 = -u*m + d - 4*d + 12, -5*m + 5*d = 0. Calculate the greatest common factor of m and o.
2
Let p(n) = 13*n**2 + 19*n - 20. Let l be p(1). Let o be 3 + (-60)/(-3) + -3. What is the greatest common factor of l and o?
4
Suppose 0 = -6*f + 110 + 220. What is the highest common divisor of 110 and f?
55
Let r(b) = 8*b**3 - 4*b**2 - b + 3. Suppose x - 2*d - 3 = -5*d, -3 = -x + 4*d. Let l be r(x). What is the highest common divisor of 20 and l?
20
Suppose 2*j + u = 138, 4*j - u - 266 = 2*u. Suppose 4*b = j + 220. What is the highest common divisor of b and 8?
8
Suppose -5*u - 5*s + s + 48 = 0, -3*u = -3*s - 18. Calculate the highest common divisor of 64 and u.
8
Let a(w) = -w - 3. Let q be a(-3). Let z = 12 - q. Let v(c) = c**3 - 14*c**2 + 13*c + 6. Let y be v(13). What is the greatest common divisor of y and z?
6
Let o be (-5130)/76*8/(-6). Calculate the greatest common divisor of o and 36.
18
Suppose 4*z = -z + 15. Suppose 5*v = -25, -z*g + 5*v = -0*g - 82. Suppose -39 = -3*w - 2*l + 8, -2*l + 66 = 4*w. Calculate the highest common factor of g and w.
19
Suppose -983 = z - 1018. What is the highest common divisor of z and 161?
7
Let b(u) = -u**3 + 70. Let a = 8 - 8. Let q be b(a). Calculate the highest common factor of q and 10.
10
Let h be (108/8 - -3) + (-3)/2. Let m(t) = 3*t - 27. Let k be m(h). Calculate the greatest common divisor of 9 and k.
9
Let v = -265 - -292. Calculate the greatest common divisor of 459 and v.
27
Let j = 554 + -495. Calculate the greatest common factor of j and 590.
59
Let z = -37 + 73. Suppose -12*d - 350 = -17*d - 5*h, 4*d + 3*h - 282 = 0. What is the greatest common factor of z and d?
36
Let p(b) = -b**3 + 5*b**2 + 5*b - 7. Let s be p(5). Suppose -u + 5 = -5*v - 6*u, 0 = -3*v - 2*u. Let j = v - -16. What is the highest common factor of s and j?
18
Suppose 124*c + 15 = 125*c. Let o be ((-90)/21)/((-3)/126). What is the highest common factor of c and o?
15
Suppose 4*y - 3*y = 11. Let m = 35 - y. What is the greatest common factor of 36 and m?
12
Let i be (32/6)/((-2)/(-27)). Suppose 7*k - 4